{"id":914,"date":"2023-08-27T11:17:47","date_gmt":"2023-08-27T11:17:47","guid":{"rendered":"https:\/\/wesoleskrzaty-nowysacz.com\/?page_id=914"},"modified":"2023-08-27T11:23:19","modified_gmt":"2023-08-27T11:23:19","slug":"grupa-facebook","status":"publish","type":"page","link":"https:\/\/wesoleskrzaty-nowysacz.com\/index.php\/grupa-facebook\/","title":{"rendered":"Grupa Facebook"},"content":{"rendered":"\n<p style=\"text-align: center;\"><strong><span style=\"color: rgb(0, 0, 0);\">Grupa zamkni\u0119ta &#8211; wy\u0142\u0105cznie dla rodzic&oacute;w dzieci ucz\u0119szczaj\u0105cych do przedszkola:<\/span><\/strong><\/p>\n\n\n\n<p><center><a href=\"https:\/\/m.facebook.com\/groups\/157761482071221\/?ref=share\">https:\/\/m.facebook.com\/groups\/157761482071221\/?ref=share<\/a><\/center><\/p>\n","protected":false},"excerpt":{"rendered":"<p>Grupa zamkni\u0119ta &#8211; wy\u0142\u0105cznie dla rodzic&oacute;w dzieci ucz\u0119szczaj\u0105cych do przedszkola: https:\/\/m.facebook.com\/groups\/157761482071221\/?ref=share<\/p>\n","protected":false},"author":1,"featured_media":0,"parent":0,"menu_order":0,"comment_status":"closed","ping_status":"closed","template":"elementor_theme","meta":{"footnotes":""},"class_list":["post-914","page","type-page","status-publish","hentry"],"_links":{"self":[{"href":"https:\/\/wesoleskrzaty-nowysacz.com\/index.php\/wp-json\/wp\/v2\/pages\/914","targetHints":{"allow":["GET"]}}],"collection":[{"href":"https:\/\/wesoleskrzaty-nowysacz.com\/index.php\/wp-json\/wp\/v2\/pages"}],"about":[{"href":"https:\/\/wesoleskrzaty-nowysacz.com\/index.php\/wp-json\/wp\/v2\/types\/page"}],"author":[{"embeddable":true,"href":"https:\/\/wesoleskrzaty-nowysacz.com\/index.php\/wp-json\/wp\/v2\/users\/1"}],"replies":[{"embeddable":true,"href":"https:\/\/wesoleskrzaty-nowysacz.com\/index.php\/wp-json\/wp\/v2\/comments?post=914"}],"version-history":[{"count":9,"href":"https:\/\/wesoleskrzaty-nowysacz.com\/index.php\/wp-json\/wp\/v2\/pages\/914\/revisions"}],"predecessor-version":[{"id":923,"href":"https:\/\/wesoleskrzaty-nowysacz.com\/index.php\/wp-json\/wp\/v2\/pages\/914\/revisions\/923"}],"wp:attachment":[{"href":"https:\/\/wesoleskrzaty-nowysacz.com\/index.php\/wp-json\/wp\/v2\/media?parent=914"}],"curies":[{"name":"wp","href":"https:\/\/api.w.org\/{rel}","templated":true}]}}